. Let x be o(-50). Calculate r(x).
1
Let m(s) = 5 - 1 - 2*s - 7 + 2. Let l be (-10)/(-15)*(-3)/2*1. Calculate m(l).
1
Let a(s) be the first derivative of 1/3*s**3 - 152 - 23*s - 3/2*s**2. Calculate a(6).
-5
Let m(h) = 139*h - 48. Let r(j) = -250*j + 88. Let t(n) = 9*m(n) + 5*r(n). Suppose 5*i = -3*u + 43, 0 = -5*i + 16 + 9. Give t(u).
14
Suppose -8 - 28 = -6*y. Let m(h) be the first derivative of -h**2/2 - 5*h - 2071. Give m(y).
-11
Suppose -32*a + 16 = -28*a. Suppose -4*p - 3*v + 76 = -0*v, -a = -v. Let d(l) = 5 - p + 8 + l. Determine d(-6).
-9
Let k(j) = 21*j. Let o(r) = -r**2 + 2*r + 63. Let p be o(-7). Suppose 17 = 5*u - 3*m - 0*m, p = u - m - 5. Calculate k(u).
21
Let f(q) be the first derivative of 0*q + 1/24*q**4 - 15 + 1/3*q**3 + 9*q**2. Let h(b) be the second derivative of f(b). What is h(-3)?
-1
Let u = -91 - -81. Let d(n) be the second derivative of -n**4/12 - 5*n**3/3 - n**2 - 17*n + 1. Determine d(u).
-2
Let i(x) = 2*x**3 - 2*x**2 + 3*x + 3. Suppose 1068*s = 1045*s + 46. Determine i(s).
17
Let p(x) = x**3 - x + 2. Suppose -35*b + 22*b + 39 = 0. Suppose 36*k - b*k - 99 = 0. Give p(k).
26
Suppose 2*r - 3924 = 4*b - 5*b, -3*b = -3*r - 11745. Let o(s) = -b*s**2 + 3918*s**2 + s**3 - s - 5. Give o(0).
-5
Let u(g) = 64*g + 62. Let x(m) = -41*m - 41. Let n(o) = 5*u(o) + 8*x(o). Calculate n(-9).
54
Let f(u) = 53*u**3 - 17*u - 41*u**3 - 15*u**2 + 19 - 11*u**3. What is f(16)?
3
Let w be -76 + 7/((-7)/(-4)). Let m be 16/w - 22/(-18). Let c(i) = -52*i + 101*i - 6 + 5 - 55*i. Determine c(m).
-7
Let k(v) = -v**2 - 27*v + 64. Let n = 7933 + -7963. What is k(n)?
-26
Suppose -6452*o + 70 = -6382*o. Let m(x) = -21*x**3 - 3*x**2 + 3*x + 1. What is m(o)?
-20
Let s(i) be the third derivative of 0 + 4*i + 15*i**2 - 2*i**3 - 1/120*i**6 - 2/15*i**5 - 1/6*i**4. What is s(-8)?
20
Let a(g) = 7*g**3 + 30*g**2 - 5*g + 53. Let y(f) = 20*f**3 + 90*f**2 - 14*f + 153. Let r(v) = -17*a(v) + 6*y(v). Calculate r(-30).
-13
Let z(o) = o**2 - 14*o - 14. Suppose -23*t - 4*t = -270. Calculate z(t).
-54
Let b(c) = -1826*c + 1822*c + 136 - 89. What is b(15)?
-13
Let x(n) = -17*n + 61. Let m(y) = y + 20. Let r(i) = 3*m(i) - x(i). What is r(-4)?
-81
Let z(r) = -7*r + 6. Let q be z(-2). Let f = 21 - q. Let s(h) = 3*h - 4 + 2 + 4 - f. Give s(-2).
-5
Let a(k) = -k**3 - 4*k**2 + 5*k + 1. Let g(u) = 2*u - 37. Let s be g(21). Suppose p = -s*t + 6 + 7, 1 = -3*p + 5*t. Let q be (30/p)/(-6 - -4). Calculate a(q).
1
Let k(r) = 13*r - 35. Let a(i) = -6*i + 17. Let h(u) = 9*a(u) + 4*k(u). Calculate h(6).
1
Let c(u) = 4*u**3 - 3*u**2 + 2*u + 2. Let s = 65 - 62. Let l be ((-21)/(-6))/(2 - s/2). Suppose -5*a + 29 = 2*t, 3*t + t - 3*a + l = 0. What is c(t)?
26
Let d(x) be the second derivative of 5/6*x**3 + 1/12*x**4 - 7/2*x**2 + 0 - x. Suppose -173*c = -4*g - 169*c - 40, 10 = -5*g - 3*c. Determine d(g).
-7
Let l(b) = -b - 2. Suppose 0 = -5*w - 67 + 767. Let d = 134 - w. Give l(d).
4
Let r(h) be the first derivative of -h**4/4 + 22*h**3/3 + h**2/2 + 38*h + 4556. What is r(22)?
60
Suppose 0 = 4*i - 4*k - 536, 6*k - 4*k = 4*i - 540. Let u = -130 + i. Let l(t) = 2 + t - t + 7*t**2 - t**3 - 4 - 3*t. Calculate l(u).
16
Let u be (1 + 3/(-12))*8. Let z(l) = -4*l + 4503 + 0*l - 4501 + l**2. Calculate z(u).
14
Let m = -17393 + 17396. Let s(v) be the third derivative of -4*v**2 - 1/12*v**4 + 0 + 1/3*v**m + 0*v. Determine s(5).
-8
Let q(g) = 3*g - 17. Suppose 269*k - 166*k = -1236. Calculate q(k).
-53
Let h(p) be the third derivative of -p**8/20160 - p**7/630 - 97*p**5/60 - p**3/6 + 2*p**2 - 54*p. Let g(t) be the third derivative of h(t). What is g(-9)?
-9
Suppose -5*y + 189 = 3*x, 59 + 4 = x - 2*y. Let a = -56 + x. Let k(c) = 2*c**2 - c + 21. Let z(d) = -d**2 + d - 11. Let r(p) = a*z(p) + 4*k(p). Give r(-5).
17
Let u(l) = -2*l**3 + l. Let j(h) = -4*h**3 - 3*h - 1. Let o(i) = -j(i) - 2*u(i). Let r = 55 - 56. Calculate o(r).
-8
Let k(x) be the second derivative of 2*x**4 - x**3/3 + x**2/2 - 2549*x. Calculate k(-1).
27
Let l(b) = -14*b + 4. Suppose 18*y = 2863 - 2917. Calculate l(y).
46
Let a be ((-1)/7)/((-82)/574). Let r(i) = -i + 0*i + 0 - 5*i + a. Determine r(4).
-23
Let w be ((-1344)/56)/(3/2). Let x(q) = q**2 + 14*q - 12. Calculate x(w).
20
Let h(y) = -y - 1. Let l(p) = p**2 + 25*p - 35. Let k be l(-28). Suppose 136 = 32*o - k*o. Give h(o).
7
Let x(k) = -23*k - 236. Suppose 70*b + 977 = -23*b - 46. Calculate x(b).
17
Let h be (-2911)/355 - (1/5)/(-1). Let c(z) = -z**3 - 7*z**2 + 7*z - 5. What is c(h)?
3
Let d(y) = y**2 - 24*y + 29*y + 555 - 534. Calculate d(-8).
45
Let h(q) = 59 - 28*q**3 - 42*q**2 + 27*q**3 + 19711*q - 19667*q. What is h(-43)?
16
Let b(i) = i**2 - 2*i - 5. Let v be (24/(-28))/((-1)/791). Let t = -682 + v. What is b(t)?
19
Suppose -31 = 3*w - 28. Let l(b) = 4*b**2 + 7*b + 9. What is l(w)?
6
Let y(b) be the third derivative of 0*b**4 + 0*b - 1/120*b**6 - 10*b**2 + 0 + 1/20*b**5 - 1/6*b**3. Give y(4).
-17
Let w(t) = 3*t - 2. Let i(j) = -1. Let k(d) = -3*i(d) + w(d). Suppose f = 4*n - 26, -4*n - 59 = -5*f - 93. What is k(f)?
-5
Let p = 83 - 4. Let n = 4 + -2. Let w be n/(-11) + p/11 + -2. Let c(t) = t - 6. Give c(w).
-1
Let z(a) = -32*a + 237. Suppose 36 = 4*o, -4*b + 68 - 9 = 3*o. Calculate z(b).
-19
Let n(g) = 2*g**2 + 35*g + 49. Suppose -49*y + 312 + 600 = -106*y. Give n(y).
1
Let x(q) = -22*q - 43 + 9*q + 36 - 4*q**2. What is x(-5)?
-42
Let s(n) = -n + 29. Let i(a) = -16. Let b(d) = -9*i(d) - 5*s(d). What is b(6)?
29
Let h(x) = -x**2 - 9*x - 7. Let m be 507/27 + 4/18. Let l = 53 - m. Suppose -7*z + 2*z - l = j, z - 5*j = 14. What is h(z)?
11
Let f(q) = q**2 + 13*q + 14. Let b be f(-11). Let p be 42/8 - 6/b. Let j(n) = 2*n + 2. What is j(p)?
14
Let a(y) = -15*y**2 - y**3 - 14*y + 21 - 2*y**2 + y**2. Suppose -3*h = -2*s + 9, -183*s + 180*s = 5*h + 110. What is a(s)?
6
Let g = -453 - 455. Let r = 903 + g. Let i(p) = p**2 + 8*p + 12. Calculate i(r).
-3
Let s be (-34)/6 - 2/(-3). Suppose -2*f + 73 = w, 0 = 2*w - 4*f + 6*f - 156. Let d(u) = -83*u**2 - w*u**2 + 165*u**2 - 2*u. Calculate d(s).
-15
Suppose 3*v - 14*v + 22 = 0. Let a(x) = -2*x - 5*x**2 - 17*x + 7*x + x**2 + x**3 - 20 - 9*x**v. What is a(14)?
8
Let b(q) = -5*q - 18 + 30 - 8*q + 3*q**2 - q**2 + 27. Determine b(5).
24
Let c(l) = 10*l**2 + 13*l - 12. Let r = 8611 - 8610. Calculate c(r).
11
Let d(x) = -x - 30. Let c be d(-14). Let h be (-58)/c + -1 + 55/40. Let w(f) = -4*f + 6. Determine w(h).
-10
Let s(r) be the first derivative of r**4/4 - 8*r**3/3 + 3*r + 2. Let o(z) = 9 + 33*z + 25*z - 57*z - 3 - 1. Let t be o(3). Give s(t).
3
Suppose -31*m + 6*m + 100 = 0. Suppose 2*o = 5*a + 2, -2*a - 4 = -0*o - m*o. Let c(w) = 4*w**3 - w**2 + w. Give c(o).
4
Let w(y) = 8*y**2 - 3*y + 5. Let p(x) = x**2 - x + 1. Let j(v) = -6*p(v) + w(v). Suppose 761*n + 428 = 654*n. Calculate j(n).
19
Let d = 82750 - 82753. Let g(p) = 5*p**3 - 10*p**2 - 6*p + 1. Let c(w) = -9*w**3 + 19*w**2 + 12*w - 1. Let i(y) = -6*c(y) - 11*g(y). Give i(d).
4
Suppose 10 = -2*p - 4. Let d(o) = 23*o**3 + 18*o**2 - 16*o + 5. Let k(v) = 61*v**3 + 46*v**2 - 40*v + 14. Let i(x) = 8*d(x) - 3*k(x). Calculate i(p).
5
Let w(z) = -20*z - 17. Suppose 0 = 336*c - 339*c + 51. Let l be 17/3 - (-1)/3. Let q(m) = 7*m + 6. Let x(t) = c*q(t) + l*w(t). Give x(-5).
5
Let k(p) = -2*p**2 - p + 9. Suppose -74 = 50*h + 126. Let i(x) = 3*x**2 + x - 12. Let b(l) = h*k(l) - 3*i(l). Calculate b(3).
-6
Let g(b) be the second derivative of b**4/12 - 2*b**3 + 31*b**2/2 - 71*b - 10. Give g(5).
-4
Let x(u) = 8*u**2 - 37*u - 11. Let l(c) = -8*c**2 + 37*c + 12. Let q(k) = 2*l(k) + 3*x(k). What is q(5)?
6
Let w(c) = 9*c - 179. Let r = -1663 + 1678. What is w(r)?
-44
Let w(m) = -128 + 121 - m**3 + 4*m**2 + 0*m**2 + 7*m. Let v be w(5). Let i(j) = 36*j**2 + 6*j - 37*j**2 - v + 2*j. Give i(6).
9
Let k(n) be the first derivative of n**5/20 - 2*n**4/3 - 4*n**3/3 - 11*n**2/2 - 52*n + 19. Let l(r) be the first derivative of k(r). Calculate l(9).
-2
Suppose -8*i + 4 = -36. Suppose 5*s + 3*v + 11 = 0, 4*s + i*v + 5 - 4 = 0. Let c(t) = -t**2 - 5*t - 5. Determine c(s).
-1
Let x be (-30)/(-50) - 8/5 - -3. Suppose -5*t = -x*t - 6. Let s(m) = 2 - 5*m + 125*m**2 + m - 124*m**t. Calculate s(5).
7
Let j be 3/(-18)*-4*372/(-62). Let i(g) = 1. Let k(m) = -m - 4. Let a(q) = q**2 + 8*q - 2. Let t be a(-8). Let v(w) = t*i(w)